100
In base 16, what is 31 - 43bf?
-438e
In base 5, what is 23 + -1230201?
-1230123
In base 8, what is -364463 + -3?
-364466
In base 3, what is 10110 + 1121?
12001
In base 7, what is 3 + -30004?
-30001
In base 9, what is -8200 + 63?
-8126
In base 10, what is 2 + 35920?
35922
In base 5, what is -42 - -3030?
2433
In base 8, what is -71 + -4534?
-4625
In base 16, what is 15ac + -4e?
155e
In base 16, what is -a - 13e4e?
-13e58
In base 15, what is 15c4 - -10?
15d4
In base 6, what is -224 + 123003?
122335
In base 14, what is 8 - 12458?
-12450
In base 13, what is 45 - c57?
-c12
In base 3, what is -11 + 1021111111?
1021111100
In base 4, what is 11 + -3133?
-3122
In base 7, what is 1 + -101332?
-101331
In base 14, what is 1290 - 5?
1289
In base 7, what is -23612 - 1366?
-25311
In base 13, what is 1946c + 3?
19472
In base 11, what is 18615a9 + 3?
1861601
In base 11, what is -4 - -6235?
6231
In base 7, what is -5451621 - -2?
-5451616
In base 9, what is 1 + -1052812?
-1052811
In base 6, what is -23 + -44013?
-44040
In base 10, what is -8 + 7109?
7101
In base 3, what is -20001 - -1212110?
1122102
In base 16, what is -1e + -c47d?
-c49b
In base 16, what is -3 - -f2967?
f2964
In base 5, what is 10240 - 1244?
3441
In base 8, what is 2555 + 73?
2650
In base 12, what is -15 + 3a633?
3a61a
In base 5, what is -2 + -142120102?
-142120104
In base 3, what is 21122001 + 1120?
21200121
In base 13, what is 4ca - -3?
500
In base 4, what is -122 + -100103?
-100231
In base 9, what is 4512 + -182?
4320
In base 16, what is 9 + 6b58?
6b61
In base 12, what is -6185 - 7?
-6190
In base 9, what is -11 + -188041?
-188052
In base 10, what is 173 - -1672?
1845
In base 12, what is 31b7 - -5?
3200
In base 15, what is 2a8 + -5c?
24b
In base 15, what is -3be7 - -5?
-3be2
In base 13, what is -125 + -226?
-34b
In base 7, what is -345155 - 5?
-345163
In base 13, what is cb8 + -7c?
c39
In base 7, what is -3 - 5523630?
-5523633
In base 8, what is 245355 - 5?
245350
In base 14, what is 206dd + -2?
206db
In base 2, what is -110 - -10010011011010000011?
10010011011001111101
In base 11, what is -13 - 11661?
-11674
In base 4, what is -3012223 - -1?
-3012222
In base 8, what is -5 + 131030?
131023
In base 14, what is 1845 - -6?
184b
In base 10, what is -502 + -10421?
-10923
In base 8, what is -433 - -261?
-152
In base 15, what is -648b - -2?
-6489
In base 14, what is -1855 - -6d?
-17c6
In base 4, what is -11 + 301332311?
301332300
In base 4, what is -22201311 + 0?
-22201311
In base 3, what is -2 - -21211220201?
21211220122
In base 13, what is 1696 + -2b3?
13b3
In base 3, what is 111 - 201201122?
-201201011
In base 9, what is -20030 - -2?
-20027
In base 7, what is -2 + 3353524?
3353522
In base 9, what is 35328 - 1?
35327
In base 4, what is -2223201120 + 10?
-2223201110
In base 15, what is 2 + -cbb5?
-cbb3
In base 9, what is 216 + -142?
64
In base 13, what is -2931b + 6?
-29315
In base 9, what is 10 + 434024?
434034
In base 14, what is -8 + -a654?
-a65c
In base 6, what is 2244 - -2422?
5110
In base 9, what is 455358 - 0?
455358
In base 13, what is 468a - -10?
469a
In base 10, what is 0 + -489351?
-489351
In base 14, what is 1072a + -7?
10723
In base 5, what is 31011 + -210?
30301
In base 16, what is 3 - -258c9?
258cc
In base 12, what is 0 - -19826?
19826
In base 15, what is -5234 - -27?
-520c
In base 4, what is 2 + -100020030?
-100020022
In base 12, what is 682 - bb3?
-531
In base 8, what is 4 + 16330?
16334
In base 5, what is -4 + -343420?
-343424
In base 4, what is 11 + -100130?
-100113
In base 13, what is 5b0a - 44?
5a96
In base 14, what is -116 + -8ca?
-a02
In base 2, what is 10011 + -11110010010010?
-11110001111111
In base 14, what is 88 + -29?
5d
In base 4, what is -1013231 + 130?
-1013101
In base 15, what is 4 + 4d24?
4d28
In base 10, what is 72277 - -5?
72282
In base 13, what is 68 + 3063?
30cb
In base 13, what is -1b + -1b2b?
-1b49
In base 14, what is d87 + -5?
d82
In base 9, what is 5 + 562328?
562334
In base 9, what is 32 + 100?
132
In base 2, what is 0 + 110101000011100?
110101000011100
In base 6, what is 15030411 + 0?
15030411
In base 15, what is -2 - -33dde?
33ddc
In base 15, what is 3c6ea + -4?
3c6e6
In base 15, what is 663 - 5a?
608
In base 4, what is -1223 - 1122112?
-1130001
In base 3, what is 202011 + -201?
201110
In base 11, what is -4 + -a484?
-a488
In base 6, what is 123 - 2210?
-2043
In base 11, what is 145 + 9609?
9753
In base 14, what is 122a4 - 0?
122a4
In base 14, what is -3cd23 - -8?
-3cd19
In base 3, what is 101121 + 1001201?
1110022
In base 5, what is -1 + -1303103?
-1303104
In base 11, what is 148 - 1067?
-a1a
In base 12, what is -949 - -74?
-895
In base 16, what is 9cad8 + 2?
9cada
In base 3, what is 11021211012 - 11?
11021211001
In base 11, what is -13450 - -53?
-133a8
In base 4, what is 200 - -102301?
103101
In base 4, what is -3 + -31312111?
-31312120
In base 10, what is 49670 - -4?
49674
In base 3, what is -100011121101011 + 10?
-100011121101001
In base 4, what is 3011 - -22103?
31120
In base 13, what is 4 + -129793?
-12978c
In base 4, what is -10300 - -2002?
-2232
In base 10, what is 2 - 309260?
-309258
In base 8, what is 0 + -631270?
-631270
In base 7, what is 20 + 11401?
11421
In base 13, what is 3 - -3130?
3133
In base 3, what is -212120 + 2211?
-202202
In base 13, what is -34 + 14a5?
1471
In base 8, what is -126 - -222?
74
In base 12, what is -2 - 9996?
-9998
In base 2, what is 111110111111101 - 11?
111110111111010
In base 12, what is 56730 + 1?
56731
In base 4, what is 1 - -211021033?
211021100
In base 16, what is 1c + -a1?
-85
In base 4, what is -30221222 - -2?
-30221220
In base 16, what is -122 - 21?
-143
In base 12, what is -131376 + 1?
-131375
In base 8, what is 20640 + 3?
20643
In base 10, what is 6006 + 13?
6019
In base 3, what is 22000012 - -112?
22000201
In base 10, what is 109655 - 4?
109651
In base 13, what is 18a2b + -1?
18a2a
In base 10, what is -102132 - -5?
-102127
In base 9, what is -13 + -15711?
-15724
In base 11, what is 4336 - 4?
4332
In base 16, what is 4 + 7a7b?
7a7f
In base 12, what is -5 + 2592b?
25926
In base 14, what is -6 - -18696?
18690
In base 2, what is -101 - -1110110011111?
1110110011010
In base 3, what is 222 - 12120122?
-12112200
In base 9, what is -72862 - 163?
-73135
In base 13, what is -2489 - -6?
-2483
In base 10, what is -1136 - -54?
-1082
In base 3, what is 102112 - 210212?
-101100
In base 16, what is -ab9e3 + -3?
-ab9e6
In base 10, what is 12 + 1156?
1168
In base 3, what is -20 - -2000210000?
2000202210
In base 7, what is 13516 - -4?
13523
In base 14, what is -c34 + -25?
-c59
In base 4, what is 3 + 223123302?
223123311
In base 6, what is -44 + 3044?
3000
In base 6, what is -5 - 100535?
-100544
In base 3, what is 22021 + 1111211?
1211002
In base 8, what is 31 - 7310?
-7257
In base 4, what is 1 - -2210301?
2210302
In base 13, what is -1b85 - -9?
-1b79
In base 11, what is -2 + -a4?
-a6
In base 10, what is 525 - -176?
701
In base 12, what is 5042 - -17?
5059
In base 9, what is 3016 - -2142?
5158
In base 7, what is 21 + -1556?
-1535
In base 14, what is -652 + -d2?
-744
In base 4, what is -12021 + 1332?
-10023
In base 2, what is -101 + -11100000010100100?
-11100000010101001
In base 10, what is -287 - -3006?
2719
In base 8, what is -1034060 + 1?
-1034057
In base 5, what is 13 + 33234124?
33234142
In base 12, what is 333216 - -3?
333219
In base 5, what is 3220001 + 1?
3220002
In base 6, what is -54 - -115202?
115104
In base 15, what is -4836 - 8c?
-48c3
In base 7, what is -5 + 316023?
316015
In base 12, what is 4 + 209a2?
209a6
In base 10, what is -86780 + -2?
-86782
In base 6, what is 32535451 - 1?
32535450
In base 15, what is -1a5ea + 3?
-1a5e7
In base 11, what is 5a - 1a622?
-1a573
In base 16, what is 2 + 5273a?
5273c
In base 8, what is 21 + 124046?
124067
In base 10, what is -3951 + -1472?
-5423
In base 5, what is 10 + -104312?
-104302
In base 3, what is -20022 + -110221?
-201020
In base 5, what is 13442 + -12234?
1203
In base 2, what is -1100111 + 10011100111?
10010000000
In base 9, what is 21337 + 61?
21408
In base 11, what is -7566 + 3?
-7563
In base 8, what is 2007 - -104?
2113
In base 5, what is -2210234 + 211?
-2210023
In base 12, what is 92034a - -5?
920353
In base 5, what is -10321104 + -3?
-10321112
In base 2, 